{"id":254,"date":"2019-11-04T23:56:07","date_gmt":"2019-11-04T22:56:07","guid":{"rendered":"http:\/\/www.jansons-fuerth.de\/musikunterricht-dossmann-janson\/?page_id=254"},"modified":"2019-11-04T23:56:07","modified_gmt":"2019-11-04T22:56:07","slug":"impressum","status":"publish","type":"page","link":"https:\/\/www.jansons-fuerth.de\/musikunterricht-dossmann-janson\/impressum\/","title":{"rendered":"Impressum"},"content":{"rendered":"\n<h2 class=\"wp-block-heading\"> Privater Musikunterricht F\u00fcrth <\/h2>\n\n\n\n<h3 class=\"wp-block-heading\"> <strong>Musikp\u00e4dagogen Do\u00dfmann \u2013 Janson GbR<\/strong> <\/h3>\n\n\n\n<p>Peter Janson und\u00a0Gertraud Do\u00dfmann-Janson<br>Flensburgerstr. 8<br>90765 F\u00fcrthTel. 0911 \u2013 790 84 98 <\/p>\n\n\n\n<p>Verantwortlich f\u00fcr den Inhalt der Webseite nach \u00a7 6 TDG:<br>Peter Janson.<br>F\u00fcr die Inhalte verlinkter Webseiten sind ausschlie\u00dflich deren Betreiber verantwortlich. <\/p>\n","protected":false},"excerpt":{"rendered":"<p>Privater Musikunterricht F\u00fcrth Musikp\u00e4dagogen Do\u00dfmann \u2013 Janson GbR Peter Janson und\u00a0Gertraud Do\u00dfmann-JansonFlensburgerstr. 890765 F\u00fcrthTel. 0911 \u2013 790 84 98 Verantwortlich f\u00fcr den Inhalt der Webseite nach \u00a7 6 TDG:Peter Janson.F\u00fcr die Inhalte verlinkter Webseiten sind ausschlie\u00dflich deren Betreiber verantwortlich.<\/p>\n","protected":false},"author":1,"featured_media":0,"parent":0,"menu_order":0,"comment_status":"closed","ping_status":"closed","template":"","meta":{"ngg_post_thumbnail":0,"footnotes":""},"class_list":["post-254","page","type-page","status-publish","hentry"],"_links":{"self":[{"href":"https:\/\/www.jansons-fuerth.de\/musikunterricht-dossmann-janson\/wp-json\/wp\/v2\/pages\/254","targetHints":{"allow":["GET"]}}],"collection":[{"href":"https:\/\/www.jansons-fuerth.de\/musikunterricht-dossmann-janson\/wp-json\/wp\/v2\/pages"}],"about":[{"href":"https:\/\/www.jansons-fuerth.de\/musikunterricht-dossmann-janson\/wp-json\/wp\/v2\/types\/page"}],"author":[{"embeddable":true,"href":"https:\/\/www.jansons-fuerth.de\/musikunterricht-dossmann-janson\/wp-json\/wp\/v2\/users\/1"}],"replies":[{"embeddable":true,"href":"https:\/\/www.jansons-fuerth.de\/musikunterricht-dossmann-janson\/wp-json\/wp\/v2\/comments?post=254"}],"version-history":[{"count":2,"href":"https:\/\/www.jansons-fuerth.de\/musikunterricht-dossmann-janson\/wp-json\/wp\/v2\/pages\/254\/revisions"}],"predecessor-version":[{"id":326,"href":"https:\/\/www.jansons-fuerth.de\/musikunterricht-dossmann-janson\/wp-json\/wp\/v2\/pages\/254\/revisions\/326"}],"wp:attachment":[{"href":"https:\/\/www.jansons-fuerth.de\/musikunterricht-dossmann-janson\/wp-json\/wp\/v2\/media?parent=254"}],"curies":[{"name":"wp","href":"https:\/\/api.w.org\/{rel}","templated":true}]}}